en 180528 is divided by 20058.
6
What is the remainder when 303760 is divided by 239?
230
What is the remainder when 513780 is divided by 106?
104
Calculate the remainder when 28242 is divided by 9405.
27
What is the remainder when 517967 is divided by 216?
215
Calculate the remainder when 2530 is divided by 1154.
222
What is the remainder when 17155 is divided by 574?
509
What is the remainder when 82242 is divided by 7?
6
Calculate the remainder when 425517 is divided by 212734.
49
Calculate the remainder when 104497 is divided by 166.
83
Calculate the remainder when 33240 is divided by 3321.
30
Calculate the remainder when 103650 is divided by 29.
4
What is the remainder when 9136 is divided by 223?
216
What is the remainder when 5915 is divided by 1183?
0
What is the remainder when 2518 is divided by 280?
278
Calculate the remainder when 1200 is divided by 152.
136
Calculate the remainder when 5053 is divided by 507.
490
What is the remainder when 44416 is divided by 37?
16
Calculate the remainder when 322147 is divided by 298.
9
Calculate the remainder when 3118 is divided by 131.
105
What is the remainder when 6001 is divided by 38?
35
Calculate the remainder when 79121 is divided by 230.
1
Calculate the remainder when 30788 is divided by 190.
8
Calculate the remainder when 10604 is divided by 78.
74
What is the remainder when 43842 is divided by 477?
435
What is the remainder when 4092 is divided by 156?
36
Calculate the remainder when 183 is divided by 5.
3
What is the remainder when 23665 is divided by 338?
5
What is the remainder when 6793 is divided by 970?
3
What is the remainder when 236 is divided by 112?
12
What is the remainder when 144269 is divided by 254?
251
Calculate the remainder when 10281 is divided by 43.
4
Calculate the remainder when 89430 is divided by 28.
26
Calculate the remainder when 57788 is divided by 64.
60
Calculate the remainder when 1171341 is divided by 390447.
0
Calculate the remainder when 6391 is divided by 99.
55
What is the remainder when 4857 is divided by 157?
147
What is the remainder when 21152 is divided by 109?
6
What is the remainder when 224012 is divided by 47?
10
What is the remainder when 492750 is divided by 103?
101
What is the remainder when 101240 is divided by 767?
763
Calculate the remainder when 3507 is divided by 102.
39
What is the remainder when 2122 is divided by 1727?
395
What is the remainder when 15572 is divided by 45?
2
What is the remainder when 1624 is divided by 94?
26
What is the remainder when 11316 is divided by 149?
141
Calculate the remainder when 153067 is divided by 72.
67
Calculate the remainder when 1063 is divided by 993.
70
What is the remainder when 17368 is divided by 386?
384
What is the remainder when 51950 is divided by 75?
50
Calculate the remainder when 191843 is divided by 530.
513
Calculate the remainder when 134659 is divided by 19.
6
What is the remainder when 15694 is divided by 7797?
100
Calculate the remainder when 1851 is divided by 32.
27
Calculate the remainder when 65846 is divided by 96.
86
What is the remainder when 2420 is divided by 2406?
14
What is the remainder when 29825 is divided by 38?
33
Calculate the remainder when 7938 is divided by 630.
378
Calculate the remainder when 1419 is divided by 49.
47
Calculate the remainder when 45499 is divided by 33.
25
Calculate the remainder when 4827014 is divided by 508.
506
What is the remainder when 15363 is divided by 28?
19
What is the remainder when 5769 is divided by 345?
249
Calculate the remainder when 5748 is divided by 351.
132
Calculate the remainder when 16650 is divided by 98.
88
What is the remainder when 1478070 is divided by 1108?
1106
What is the remainder when 309 is divided by 154?
1
What is the remainder when 172271 is divided by 86104?
63
What is the remainder when 18785 is divided by 186?
185
Calculate the remainder when 72839 is divided by 22.
19
What is the remainder when 667 is divided by 40?
27
What is the remainder when 99684 is divided by 248?
236
Calculate the remainder when 34351 is divided by 11.
9
Calculate the remainder when 31031 is divided by 3100.
31
What is the remainder when 34029 is divided by 6801?
24
Calculate the remainder when 79836 is divided by 750.
336
What is the remainder when 111268 is divided by 4635?
28
Calculate the remainder when 180807 is divided by 94.
45
Calculate the remainder when 25427 is divided by 79.
68
Calculate the remainder when 137878 is divided by 45959.
1
Calculate the remainder when 3759 is divided by 1178.
225
Calculate the remainder when 22216 is divided by 7391.
43
What is the remainder when 1166 is divided by 135?
86
Calculate the remainder when 2316312 is divided by 91.
89
What is the remainder when 5795 is divided by 198?
53
Calculate the remainder when 1169 is divided by 28.
21
What is the remainder when 1518 is divided by 84?
6
Calculate the remainder when 37747 is divided by 89.
11
Calculate the remainder when 41744 is divided by 6932.
152
What is the remainder when 1007 is divided by 195?
32
What is the remainder when 109287 is divided by 47?
12
Calculate the remainder when 1979 is divided by 1963.
16
What is the remainder when 336654 is divided by 26?
6
What is the remainder when 32752 is divided by 8140?
192
What is the remainder when 2650 is divided by 1319?
12
What is the remainder when 2243 is divided by 1085?
73
What is the remainder when 2498 is divided by 804?
86
Calculate the remainder when 268545 is divided by 11189.
9
What is the remainder when 81746 is divided by 27244?
14
What is the remainder when 1456858 is divided by 375?
358
Calculate the remainder when 100216 is divided by 14316.
4
Calculate the remainder when 21714 is divided by 742.
196
What is the remainder when 809849 is divided by 150?
149
Calculate the remainder when 14771 is divided by 703.
8
What is the remainder when 170818 is divided by 976?
18
What is the remainder when 668 is divided by 326?
16
What is the remainder when 76531 is divided by 25472?
115
What is the remainder when 1247 is divided by 47?
25
Calculate the remainder when 55 is divided by 14.
13
What is the remainder when 17037 is divided by 52?
33
Calculate the remainder when 14283 is divided by 7040.
203
Calculate the remainder when 117861 is divided by 23567.
26
What is the remainder when 476598 is divided by 31773?
3
What is the remainder when 19227 is divided by 2402?
11
What is the remainder when 4883881 is divided by 958?
955
Calculate the remainder when 1735 is divided by 337.
50
Calculate the remainder when 15941 is divided by 181.
13
What is the remainder when 3879 is divided by 3868?
11
Calculate the remainder when 3319 is divided by 1608.
103
Calculate the remainder when 43155 is divided by 2058.
1995
What is the remainder when 1094 is divided by 142?
100
Calculate the remainder when 109558 is divided by 17.
10
What is the remainder when 44988 is divided by 224?
188
Calculate the remainder when 4494 is divided by 577.
455
What is the remainder when 27466 is divided by 729?
493
Calculate the remainder when 5813 is divided by 321.
35
What is the remainder when 6868 is divided by 14?
8
Calculate the remainder when 1294 is divided by 128.
14
Calculate the remainder when 19400 is divided by 958.
240
What is the remainder when 18130 is divided by 75?
55
What is the remainder when 14985 is divided by 882?
873
What is the remainder when 63215 is divided by 191?
185
What is the remainder when 32770 is divided by 4608?
514
Calculate the remainder when 52431 is divided by 456.
447
What is the remainder when 64203 is divided by 64187?
16
Calculate the remainder when 12392 is divided by 3395.
2207
What is the remainder when 15904 is divided by 787?
164
Calculate the remainder when 211795 is divided by 681.
4
What is the remainder when 21147 is divided by 344?
163
What is the remainder when 2745 is divided by 264?
105
What is the remainder when 9498 is divided by 74?
26
What is the remainder when 12723 is divided by 3171?
39
Calculate the remainder when 36243 is divided by 68.
67
Calculate the remainder when 16407 is divided by 72.
63
Calculate the remainder when 636667 is divided by 59.
57
Calculate the remainder when 488340 is divided by 59.
56
Calculate the remainder when 